t are the prime factors of f(-1)?
11
Let g(d) = -d**2 - 4*d + 4. Let v be g(-3). Suppose v*w - 890 - 181 = 0. List the prime factors of w.
3, 17
Let z be 5/(-25)*0 - 9. List the prime factors of 1*696/16*(-78)/z.
13, 29
What are the prime factors of ((-12)/(-15))/2 - (-478197)/45?
10627
Let c(h) = -14*h + 155 - 157 - 5*h**2 - 3*h**3 + 0*h**3. What are the prime factors of c(-4)?
2, 83
Suppose 2654*d - 2665*d = -23958. What are the prime factors of d?
2, 3, 11
Let c(o) = -52*o + 57 + 66 - 74*o - 32 + 19. What are the prime factors of c(-5)?
2, 5, 37
Let m(r) = r**3 + 6*r**2 + 6*r + 2. Let k be 8*((-1)/(-2) - 1). Let u be m(k). What are the prime factors of (-1393)/(-21) - u/(-6)?
2, 17
Let z = -30653 - -35917. What are the prime factors of z?
2, 7, 47
Let d(y) = 13*y - 60. Let o be d(5). Let g(s) = 71*s - 66. What are the prime factors of g(o)?
17
Let r = 23964 - -16258. List the prime factors of r.
2, 7, 13, 17
Let a be 4/(-7) + (64600/35)/(-4). Let t = 691 + a. List the prime factors of t.
229
Let i(g) = -g**3 - 2*g - g - 4*g**2 - 5 + g - 4*g. Let u be i(-3). Suppose -u*n = j - 48 - 373, -4*n + 424 = 4*j. List the prime factors of n.
3, 5, 7
Suppose -2*z = -4*h - 1298, -4*z - 4*h + 297 + 2227 = 0. List the prime factors of z.
7, 13
Suppose -74*p - 114 = -77*p. Let c(h) = -h**2 + 68*h + 51. What are the prime factors of c(p)?
3, 397
Let y(v) = 5*v**2 - 9*v + 3827. List the prime factors of y(0).
43, 89
Let y(l) = 4*l**2 - 17*l - 5. Let t be ((-22)/55)/(((-4)/60)/(-1)). List the prime factors of y(t).
241
Suppose 0 = -7*l - 516 + 2182. Suppose 12*f - 1502 = l. What are the prime factors of f?
5, 29
Let w be (-20624)/32 - (-3)/(-2) - (4 - 3). Let j(r) = 15*r**3 + r**2 - r. Let p be j(-3). Let t = p - w. List the prime factors of t.
2, 127
Let j be 76/(-57)*(-21)/4. Suppose -2*k = -n - j*k + 3, k = 3. List the prime factors of 38*n/(-8)*1.
3, 19
Let t(g) = -g**3 + 18*g**2 + 11*g + 159. Let x be t(19). Suppose -68*n + 488 = -x*n. What are the prime factors of n?
2
Let o be 2 + (-17)/(-3) - (-3)/9. Suppose 4*k + u = -k + 124, -2*u + o = 0. List the prime factors of k.
2, 3
Suppose -2*o + 12196 = 2*a, -5*a + 2 = -8. List the prime factors of o.
2, 3, 127
Let a = -2133 - -9284. What are the prime factors of a?
7151
Let r(j) = -j + 30. Let g be 30/(-25)*-5 - (1 + -2). Suppose 2*o - g*o = -40. What are the prime factors of r(o)?
2, 11
Suppose -3*x - 22*b + 26*b + 168249 = 0, x + b - 56076 = 0. List the prime factors of x.
3, 31, 67
Suppose 3*p = 2*p - 2, 2 = -f - p. Suppose 5*s - 12 = -j + 2*s, 2*j - 3*s - 6 = f. What are the prime factors of (500/j)/(11/((-99)/(-6)))?
5
Let q = 10269 + 749. List the prime factors of q.
2, 7, 787
Let o be (8*6/(-9))/(26/936). Let w = o + 321. What are the prime factors of w?
3, 43
Suppose -878626 = -25*q - 4*f, f + 105444 = -14*q + 17*q. What are the prime factors of q?
2, 17573
Let n(i) = i + 13. Let w = -4 + -9. Let b be n(w). Suppose -9*y + 101 + 232 = b. What are the prime factors of y?
37
Let d(p) = 5*p**3 + p - 1. Let o be d(1). Suppose 2*z = -5*i - 22, 22 - o = -5*i + 3*z. What are the prime factors of ((-48)/(-15))/(i/(-10))?
2
Suppose -6*b + 7 = -11. Suppose 705 = s - b*h, -7*h = -3*h + 12. List the prime factors of s.
2, 3, 29
Let b(l) = -l**3 - 6*l**2 - 2*l + 4. Let v be b(-6). Suppose -3*g + 3 - v = -m, m + 5*g + 3 = 0. Suppose -u + 528 = m*u. List the prime factors of u.
2, 3, 11
Let v(n) = -421*n. Let a be v(8). What are the prime factors of 2/(-12) - a/48?
2, 5, 7
Let y = -1784 + 14772. List the prime factors of y.
2, 17, 191
Suppose 735769 = 36*l + 34*l - 892711. List the prime factors of l.
2, 727
Let q be -1 + (-39)/(-12) - 4/16. Suppose q*w - 3430 = -5*w. List the prime factors of w.
2, 5, 7
Let c(a) = -11 + 42 + 15*a**2 - 6*a - a - 28*a + a**3 - 7*a. What are the prime factors of c(-13)?
3, 5, 61
Let l = 1432 + 4379. List the prime factors of l.
3, 13, 149
Let s = 14 + -12. Suppose 0 = 3*f + 4*n - 4, -s*n - n = -2*f + 14. Suppose 4*y + 336 = f*r, r + 4 = -5*y + 94. What are the prime factors of r?
5, 17
Let c be (-2)/(-13) + (-5)/(-195)*189. Suppose -c*q = 3286 - 10336. List the prime factors of q.
2, 3, 5, 47
Suppose 5*f - 40 = f. Suppose -y + 4*t = -4, 4*y - 3*t = -0*t - f. What are the prime factors of (3 - 74)*(-5 - y)?
71
Let j(z) = z**3 + 6*z**2 + 2*z - 15. Let w be j(-5). Suppose 10 = -w*n + 5*n. Suppose -n*t = -46 - 8. List the prime factors of t.
3
Let g(q) be the first derivative of 4*q**2 + 67*q - 106. What are the prime factors of g(13)?
3, 19
Suppose -4*d = -g + 6*g - 33, 0 = 3*d - 4*g + 14. Suppose 5*z = -d*z + 2*z. List the prime factors of 1 + 3 - (z + -105).
109
Suppose 0 = 5*o - 4 + 9, 0 = 3*g + o - 3065. Suppose 14*w = 6202 + g. What are the prime factors of w?
2, 3, 43
Let o(g) = -29*g - 8. Suppose 5*f - 4*u - 412 = 0, 4*f - 518 = -2*u - 178. Let q = 81 - f. What are the prime factors of o(q)?
79
Let y = -10 + 21. Suppose y*i - 818 = -2259. Let p = i - -270. List the prime factors of p.
139
Let x(h) = 523*h + 13. What are the prime factors of x(10)?
7, 107
Let w(a) = 528*a - 2543. List the prime factors of w(21).
5, 1709
Suppose 50*a - 1059435 = 120965. What are the prime factors of a?
2, 13, 227
Let x(p) = -338*p + 7. Let g(k) = -52*k + 1. Let b(r) = -19*g(r) + 3*x(r). Suppose 4*t + 15 + 25 = 0. List the prime factors of b(t).
2, 131
Let z = -711 + 707. List the prime factors of ((-485)/(-2))/((-5)/z).
2, 97
Let x = 375 - 193. Let t = 586 - 586. Suppose -u = t, x = q + 4*u + u. What are the prime factors of q?
2, 7, 13
Suppose -7 - 4 = -11*a. Let z(h) = -2*h**3 - 35*h + 14*h + h**3 - a + 2*h**3 - 6*h**2. List the prime factors of z(9).
53
Let p = 1612 - -121. Suppose -1487 - p = -20*q. List the prime factors of q.
7, 23
Suppose -f + 5*q = -15095, 2*f - 16*q - 30145 = -21*q. What are the prime factors of f?
2, 5, 13, 29
Let b be ((-3)/5)/(13/130*-2). What are the prime factors of 1428 + ((b - -2) + -4 - 0)?
1429
Suppose 36*a = 41*a + 30. Let z be (-30)/25*(-80)/a. List the prime factors of (2 - (-28)/z) + (-2817)/(-12).
5, 47
Suppose 2194 = -2*v + 6674. Suppose -5*x - 1066 = -3*w + 604, -4*w = -4*x - v. What are the prime factors of w?
5, 113
Let n = -120 - -116. Let t(p) = 7*p + 74. What are the prime factors of t(n)?
2, 23
Suppose 104*h - 124*h + 141180 = 0. What are the prime factors of h?
3, 13, 181
Suppose -48 = 5*q - 3*c, 3*q + 24 = -0*q - 3*c. Let f be (-3)/q*(-6 - -21). Suppose u - f*j = -17 + 154, 298 = 2*u - 4*j. List the prime factors of u.
157
Let s be -1 + 4 - (-2 - (-2)/2). List the prime factors of (-7)/14 + 726/s.
181
List the prime factors of (-2 - 96/(-40))*4190/4.
419
Suppose -i = -4*i + 3*x + 12, 19 = 4*i - x. Suppose 19 = 4*r - i*w + 2, 14 = 3*r - 5*w. What are the prime factors of 248/3 + (0 - (-1)/r)?
83
Let c(i) = -33*i + 33. Let y be c(-3). Let w = 153 + y. Suppose -4*x + w = -x. List the prime factors of x.
5, 19
Let q = 32944 + 33634. What are the prime factors of q?
2, 33289
Let c(h) = 928*h**2 + 6*h + 28. What are the prime factors of c(-2)?
2, 233
Let n be 0 + -1131 + -2 - (-5 - -2). Let m = -749 - n. Suppose -4*g + 381 = 3*d, 2*d + g + m = 5*d. What are the prime factors of d?
127
Let f = 0 + 6. Suppose 0 = -2*k + 5*v, f*k + 2*v = 3*k - 19. List the prime factors of (-17*k/(-20))/((-2)/16).
2, 17
Let i = 1303 - 423. Suppose w - i = -4*w. List the prime factors of w.
2, 11
Suppose -2*c - 3*y + 17 = 0, -5*y + 10 = 4*c - 21. Suppose 180 = c*h + 11*h. What are the prime factors of h?
2, 3
Let i = -25407 - -29223. List the prime factors of i.
2, 3, 53
Let k = -247 - -242. What are the prime factors of (92/(-6))/(-3*k/(-1215))?
2, 3, 23
Let n(r) = r + 3 + 1 + 4*r**2 + 2*r**3 - 6 + r**3. Let i be n(-5). What are the prime factors of i*(2 - 5/2)?
3, 47
Suppose -190*r = -189*r - 123. Let d = 550 - r. List the prime factors of d.
7, 61
Let d = 90 + -41. Suppose -3*w = -m + 117, 2*m = -2*w - d - 21. Let s = 5 - w. List the prime factors of s.
43
Let b = -383 + 389. Suppose 3*c - 3*a = -c - 59, 3 = 2*c + 5*a. Let j = b - c. What are the prime factors of j?
17
Suppose -2*w - 482 = -h, -88 - 1822 = -4*h - w. Suppose 1850 = 7*c + h. List the prime factors of c.
2, 7
Suppose -3*d - 145878 = -2*q, -74*q + 3*d = -79*q + 364737. List the prime factors of q.
3, 5,